 163*o - 95*o = 68. Give j(o).
-13
Let s be (-4)/14*3/6 + 45/21. Let p(u) = -3*u + 1. Calculate p(s).
-5
Let q(a) = 5*a + 2. Let p(n) be the first derivative of n**3/3 - 3*n**2 - n + 85. Let m(w) = 2*p(w) + 3*q(w). Give m(-3).
13
Suppose 0 = -89*f + 2076 - 2610. Let r(q) = 3*q**2 + 28*q + 16. What is r(f)?
-44
Let g(r) = -r**3 - 4*r**2 - r + 3. Let x(h) = h + 6. Suppose 8*a = 3 + 45. Let j be x(a). Suppose 2*y = 5*y + j. Determine g(y).
7
Let u(m) = -105*m + 2 + 5 + 109*m - 5. Suppose 36 = -4*q + 2*q. Let s = q + 16. Calculate u(s).
-6
Let b(v) = v**2 - 7*v + 6. Suppose -4*d + 37 = 2*h - 1, 4*h = -20. Suppose z + d = 4*z. Let p be b(z). Let n(r) = r + 1. Give n(p).
-5
Let d(g) = 80*g - 4243. Let i be d(53). Let n(l) = -27*l - 72. Calculate n(i).
9
Let z(v) be the second derivative of 2*v**3/3 - 3*v**2 + 669*v + 2. Give z(-3).
-18
Let j(h) = h**2 + 29*h + 80. Let n(f) = 193*f + 1155. Let r be n(-6). Give j(r).
2
Let r(n) be the third derivative of n**4/4 + 20*n**3/3 + 17*n**2 - 180*n. Give r(17).
142
Let l(q) be the second derivative of 1/20*q**5 + 1/2*q**4 - 2 + 40*q + 9/2*q**2 + 1/3*q**3. What is l(-6)?
-3
Let h = -208 + 210. Let z(g) = -2*g + 2*g**h + 6 + 24*g - 16*g. Determine z(-4).
14
Let i(x) = 5*x. Let l(r) be the third derivative of -7*r**5/60 - r**4/4 + 78*r**2. Let a be l(-1). Calculate i(a).
-5
Suppose 11*f - 4*n + 33 = 14*f, -72 = -5*f - n. Suppose f*b = b. Let j(o) = -o - 12. Give j(b).
-12
Let c(w) = 23*w**2 - 3*w - 2. Let h be c(-2). Suppose 8*z - 5*z = -h. Let x be 4/z*(-10 + 2). Let u(i) = 10*i - 1. What is u(x)?
9
Let b(c) = 12*c - 5. Let f(v) = -v + 1. Let h(s) = b(s) + 5*f(s). Suppose 2*z = -3*o + 71, -z + 4*o - 8 = -60. Let d = -39 + z. Give h(d).
7
Let b(g) be the second derivative of -1/12*g**4 - g**3 - 59*g + 0 + 0*g**2. Determine b(-5).
5
Let h = -3943 - -3946. Let u(z) = -z**3 - 3*z**2 - 3*z - 3. Determine u(h).
-66
Let x = 91 - 24. Let k = x - 65. Let h be (666/15)/(-6) + k/5. Let n(a) = a**3 + 7*a**2 - a - 4. What is n(h)?
3
Let q be 1 - 3 - -4 - 0. Let m(a) = 4*a**2 + 2*a - 3. Let i be m(1). Let j(x) = -x**2 - 4*x**2 + 3*x - 5 + 2*x**q + 1 - x**i. Give j(-4).
0
Let g = -13841 - -13847. Let j(m) = m**2 - 9*m + 29. Determine j(g).
11
Suppose 1154*n + 75 = 1179*n. Let q(v) = 3*v - 6 + 0*v + 2*v - 4*v. Calculate q(n).
-3
Suppose 234*f = 281 + 252 + 403. Let w(r) be the third derivative of 0*r - 1/24*r**f - 3/2*r**3 + 0 - 17*r**2. Give w(-5).
-4
Let p(h) = 2*h + 2. Suppose -3*k + y + 1 + 1 = 0, -4*y = k - 18. Let n be (1/k)/(11/110). Suppose -5*r = 3*w - 0 - 19, n*w = -3*r + 5. Calculate p(w).
-2
Let u be 13/3 + -3 - 4/(-6). Let l(t) be the second derivative of 0 + 3/2*t**2 - 1/2*t**3 + 1/12*t**4 - t. Calculate l(u).
1
Let r = -3 - 5. Let f be (-2)/(-4)*(0 + r). Let t(b) be the second derivative of 2*b**3/3 + 2*b**2 + 28821*b. Determine t(f).
-12
Let s(k) = -24 - 71*k + 183 + 89 + 58 - 28. Give s(4).
-6
Let y(a) = -3*a**3 - 30*a**2 + a + 4. Let x be (-88)/9 + 1070/(-4815). Determine y(x).
-6
Let p(v) be the third derivative of -1/120*v**6 - v**3 + 109*v**2 + 0*v + 5/24*v**4 + 0 - 1/15*v**5. Give p(-5).
-6
Let a = 174 - 278. Let l = -109 - a. Let w(o) = o**2 + 5*o - 1. Let i be w(l). Let n(y) = 5*y**3 + y**2 + 2*y + 1. Determine n(i).
-5
Suppose -t = 2*o - 24, -5*t - 37 = -27. Let r(y) = -y + 4. Give r(o).
-9
Let w(k) = -10*k**3 - 15*k**2 + 26. Let j(l) = -7*l**3 - 10*l**2 + 17. Let b(y) = 7*j(y) - 5*w(y). Let h = -6059 - -6054. What is b(h)?
-11
Let v = 630 + -568. Suppose -5*d + v - 27 = 5*t, 3*d - 6 = 2*t. Let a(m) be the third derivative of m**5/60 - m**4/12 - m**3/6 + 2*m**2. Give a(t).
2
Let b(y) = 176 + 209 - 6*y + y**2 - 390. What is b(-1)?
2
Let z(f) = -7*f**3 + 7*f**2 + 16*f - 17. Let g(c) = -13*c**3 + 14*c**2 + 31*c - 33. Let u(k) = -6*g(k) + 11*z(k). Let j be (20*5/75)/((-2)/(-12)). What is u(j)?
-5
Suppose 5*i + 2*f + 44 = 0, -1171*f + 1173*f = -2*i - 20. Let v(l) = -l**2 + 8 + 2*l**2 + 6*l + 2*l. Determine v(i).
8
Let j(z) = -43*z**2 + 30*z + 53. Let o(i) = -9*i**2 + 16. Let u(l) = j(l) - 5*o(l). Give u(-14).
-55
Let j(d) be the second derivative of -d**5/20 + 7*d**4/12 + 17*d**3/6 + 15*d**2/2 - 534*d + 1. Calculate j(9).
6
Let s(w) = -15 + 11684*w**3 + 0*w - 3*w + 4*w**2 - 11683*w**3. Calculate s(-5).
-25
Let r(l) be the first derivative of l**4/4 - 25*l**3/3 + 11*l**2 - 3*l + 3969. Give r(24).
-51
Let h be (60/8)/(-3)*(-116)/10. Let o = -24 + h. Let j(m) be the third derivative of -m**6/120 + m**5/12 + m**3/6 + 5*m**2. Give j(o).
1
Let d(r) = -r**3 - 4*r**2 - 2. Let x(y) = y**3 + 5*y**2 + 3. Let z be (29/(-87))/((-2)/18). Let p(m) = z*d(m) + 2*x(m). Let g be (2/3)/(8/(-36)). What is p(g)?
9
Let v(u) = 327*u + 37. Let a(q) = 68*q + 1. Let m(i) = 5*a(i) - v(i). What is m(6)?
46
Let j be (-1)/(3 + -2) + -19. Suppose -40*l = -50*l - 160. Let f = j - l. Let z(c) = -c**2 - 4*c - 6. Determine z(f).
-6
Let x(s) = -s + 3. Let n = -416 - -430. Suppose 61 + 65 = n*k. Determine x(k).
-6
Let h(y) = 214 - 94 + 28*y - 35*y - 123. Suppose 0 = -2*f - 5*p - 14, -7*p + 2 = -5*f - 3*p. Give h(f).
11
Let w(n) = -3*n - 2. Let s(o) = 5*o**2 - 10*o - 9. Let v be s(-1). Suppose -v*x = 7 - 25. Determine w(x).
-11
Let b(u) = -8*u**2 - u**3 + 18 - 519645*u + 20*u**2 + 519658*u. Determine b(14).
-192
Suppose -4*u = 3*j - 24, 16 + 5 = 3*u + 3*j. Let l = 40 + -38. Suppose 0 = h + l*a - 0 - 2, -u*h = -2*a + 2. Let q(b) = -b - 5. Give q(h).
-5
Let u(j) = 2*j**3 + 6*j**2 - 22*j - 14. Suppose -120 - 321 = 118*p + 149. What is u(p)?
-4
Let k(j) = -6414*j**2 - 93 + 6413*j**2 - 7*j + 97. Give k(-8).
-4
Let h be 5/((-10)/6) - -3 - -126. Let x be (-29)/(-9) - 7/(h/4). Let n(d) = -4*d - 2*d + 8*d + x. Calculate n(-3).
-3
Let y be ((-24)/32)/((-2)/(-8)). Let o(d) = 6*d**3 + 2*d**2 - 3*d + 7. Suppose -35 = -3*q - 20. Let m(n) = n**3 + 1. Let t(l) = q*m(l) - o(l). Give t(y).
-2
Let x(m) = -11860*m + 65 + 11873*m - 38. Give x(-6).
-51
Let o(k) = -2*k**3 + k**2 - 3*k + 2. Let t(q) = q**3 + q**2 + 3*q - 3. Let l(c) = -2*o(c) - 3*t(c). What is l(6)?
23
Let i = -75 + 32. Let w = i - -46. Let o(f) = 5*f + 0*f - f**2 - f**w - 1 - 3*f. Give o(2).
-9
Let q be (-5)/(-2) + 4/(-8). Let l be 1856/261 + q/(-18). Let j(t) be the second derivative of t**3/3 + t**2 + t. What is j(l)?
16
Let r(s) = -2*s**3 + 2*s**2 - 2*s + 2. Suppose -11*f - 6 = -6. Let t(c) = c**3 - 2*c**2 - 2*c + 2. Let d be t(f). Calculate r(d).
-10
Let f(l) = -l**3 + 11*l**2 + 44*l - 25. Let m be f(14). Let a(g) = m*g + 1 - 15*g**3 + 5*g**2 + 28*g**3 + 3 - 12*g**3. Determine a(-4).
8
Let a(z) = -6*z - 4. Suppose 3*c + 30 = 5*u - 5, c - 5*u + 25 = 0. Determine a(c).
26
Let o(r) = r**3 - 10*r**2 + 8*r - 15. Suppose 9*k - 4*s = 4*k + 54, -5*s + 25 = 3*k. Determine o(k).
65
Let x = -42 - -27. Let z be (-32)/(-24)*x/(-10). Let b(q) = -q**2 + 2*q - 2. Give b(z).
-2
Let h(j) = j**3 - 4*j**2 - j + 2. Suppose -8*y = -12*y + 12. Suppose -9 = y*x, x - 1 = -c - 0*c. Determine h(c).
-2
Let b(i) be the first derivative of 57 - 1/4*i**4 - 2*i + 3/2*i**2 - i**3. Determine b(2).
-16
Let k(g) = 18*g**2 - g - 1. Let u be k(-1). Suppose -n - 2*n + 4*w = -13, -3*n + 5*w + 8 = 0. Let o = u - n. Let m(z) = z - 2. Give m(o).
5
Suppose 28*n - 8 = 15*n + 14*n. Let w(y) = y**2 + 6*y - 15. Calculate w(n).
1
Let g(v) be the first derivative of -v**2/2 - 6*v + 85360. Let p(w) = w + 11. Let i be p(-5). Calculate g(i).
-12
Suppose j = 4*x + 27, 3*x - 4*j + 161 = 144. Let z(k) = -3*k**2 - 17*k + 13. Determine z(x).
-15
Let l(v) = 64*v**2 - 11*v + 7. Let r(x) = -43*x**2 + 10*x - 6. Let s(n) = -2*l(n) - 3*r(n). Let j be (10/(-4))/((-8)/16). What is s(j)?
-11
Suppose 5*b - 114 = -3*u - 2, 4*b = 4*u + 96. Suppose 2*m - 7 + b = 0. Let f(h) = -h**3 - 9*h**2 - 10*h - 4. Determine f(m).
12
Let g(m) = 3*m + 30. Let s be ((-12)/(-10))/(4/(-70)). Let t(l) = -l**3 - 19*l**2 + 44*l + 34. Let u be t(s). Calculate g(u).
6
Let o(y) = -4*y - y + y. Let m(j) = 4*j**2 + 215*j + 2688. Let w be m(-34). Calculate o(w).
-8
Let m(c) = c**2 + 7*c + 6. Let y be 1/((-3)/3)*1. Let h = -34 + y. Let g be (-1 + h/(-15))/((-1)/3). Determine m(g).
-6
Let w(v) be the first derivative of v**4/4 - 32*v**3/3 - 17*v**2 + 32*v - 604. Determine w(33).
-1
Suppose -5*c - 6*q + 109 = 0, 8*q - 4*q + 1 = c. Let w(h) = h**2 - 27*h + 152. What is w(c)?
-18
Let p = 18 +